 39383 is divided by 47?
44
What is the remainder when 118998 is divided by 349?
338
What is the remainder when 642236 is divided by 614?
606
Calculate the remainder when 77122 is divided by 59.
9
Calculate the remainder when 3230 is divided by 68.
34
Calculate the remainder when 2303 is divided by 58.
41
Calculate the remainder when 12611 is divided by 3142.
43
What is the remainder when 9268 is divided by 1028?
16
What is the remainder when 2044 is divided by 344?
324
What is the remainder when 22652 is divided by 2056?
36
Calculate the remainder when 14567 is divided by 7265.
37
What is the remainder when 73408 is divided by 445?
428
What is the remainder when 4244 is divided by 270?
194
What is the remainder when 42933 is divided by 206?
85
Calculate the remainder when 8637 is divided by 81.
51
What is the remainder when 1008679 is divided by 23?
14
What is the remainder when 9943 is divided by 82?
21
What is the remainder when 299724 is divided by 309?
303
Calculate the remainder when 1628354 is divided by 49.
35
Calculate the remainder when 176362 is divided by 29379.
88
Calculate the remainder when 1415 is divided by 401.
212
Calculate the remainder when 11884 is divided by 172.
16
Calculate the remainder when 67646 is divided by 35.
26
Calculate the remainder when 619835 is divided by 94.
93
Calculate the remainder when 16064 is divided by 698.
10
What is the remainder when 7081 is divided by 11?
8
Calculate the remainder when 25180 is divided by 2797.
7
Calculate the remainder when 5227415 is divided by 2009.
2006
What is the remainder when 108691 is divided by 98?
9
What is the remainder when 4160 is divided by 784?
240
What is the remainder when 411725 is divided by 145?
70
What is the remainder when 1010083 is divided by 11?
8
What is the remainder when 241159 is divided by 82?
79
What is the remainder when 66756 is divided by 834?
36
What is the remainder when 22294 is divided by 91?
90
Calculate the remainder when 6527278 is divided by 12.
10
What is the remainder when 14236 is divided by 255?
211
What is the remainder when 7731 is divided by 6960?
771
What is the remainder when 7003 is divided by 389?
1
What is the remainder when 10978 is divided by 1966?
1148
What is the remainder when 1488 is divided by 742?
4
Calculate the remainder when 191979 is divided by 405.
9
What is the remainder when 5191 is divided by 1695?
106
Calculate the remainder when 77809 is divided by 1096.
1089
What is the remainder when 1914 is divided by 331?
259
What is the remainder when 527 is divided by 21?
2
Calculate the remainder when 801 is divided by 120.
81
What is the remainder when 4964 is divided by 282?
170
What is the remainder when 70079 is divided by 43?
32
What is the remainder when 2410 is divided by 768?
106
Calculate the remainder when 3549 is divided by 326.
289
Calculate the remainder when 23805 is divided by 948.
105
What is the remainder when 32161 is divided by 22?
19
Calculate the remainder when 28231 is divided by 187.
181
What is the remainder when 19346 is divided by 6385?
191
Calculate the remainder when 3952 is divided by 85.
42
Calculate the remainder when 252892 is divided by 84286.
34
What is the remainder when 1617 is divided by 1338?
279
What is the remainder when 9458 is divided by 479?
357
What is the remainder when 98140 is divided by 17?
16
What is the remainder when 104599 is divided by 167?
57
Calculate the remainder when 4502 is divided by 749.
8
What is the remainder when 580456 is divided by 696?
688
What is the remainder when 78839 is divided by 292?
291
Calculate the remainder when 56793 is divided by 28343.
107
What is the remainder when 20348 is divided by 119?
118
Calculate the remainder when 3441 is divided by 45.
21
What is the remainder when 199054 is divided by 116?
114
What is the remainder when 217055 is divided by 670?
645
What is the remainder when 52015 is divided by 51948?
67
Calculate the remainder when 11502 is divided by 1277.
9
Calculate the remainder when 72406 is divided by 28.
26
What is the remainder when 4141 is divided by 2051?
39
Calculate the remainder when 1548 is divided by 395.
363
Calculate the remainder when 303853 is divided by 5.
3
What is the remainder when 29989 is divided by 224?
197
What is the remainder when 6989 is divided by 219?
200
What is the remainder when 10213 is divided by 318?
37
What is the remainder when 853116 is divided by 426536?
44
Calculate the remainder when 15117 is divided by 1788.
813
Calculate the remainder when 330319 is divided by 127.
119
What is the remainder when 12455 is divided by 604?
375
Calculate the remainder when 4783658 is divided by 188.
186
What is the remainder when 9739 is divided by 12?
7
What is the remainder when 1932 is divided by 61?
41
Calculate the remainder when 41786 is divided by 465.
401
What is the remainder when 16587 is divided by 105?
102
What is the remainder when 5304 is divided by 43?
15
What is the remainder when 34488 is divided by 8620?
8
Calculate the remainder when 23889 is divided by 13.
8
Calculate the remainder when 12392 is divided by 551.
270
Calculate the remainder when 12970 is divided by 1190.
1070
Calculate the remainder when 10280 is divided by 74.
68
Calculate the remainder when 1915833 is divided by 39.
36
Calculate the remainder when 9367 is divided by 2388.
2203
What is the remainder when 23966 is divided by 67?
47
What is the remainder when 22774 is divided by 24?
22
What is the remainder when 50110 is divided by 25054?
2
Calculate the remainder when 59298 is divided by 398.
394
What is the remainder when 64297 is divided by 1531?
1526
What is the remainder when 17398 is divided by 120?
118
Calculate the remainder when 154694 is divided by 61.
59
What is the remainder when 6194 is divided by 161?
76
What is the remainder when 634 is divided by 33?
7
What is the remainder when 322274 is divided by 1426?
1424
Calculate the remainder when 241828 is divided by 30.
28
Calculate the remainder when 12551 is divided by 2584.
2215
Calculate the remainder when 4716 is divided by 51.
24
Calculate the remainder when 1877 is divided by 533.
278
Calculate the remainder when 2791 is divided by 61.
46
Calculate the remainder when 2908 is divided by 689.
152
What is the remainder when 33306 is divided by 4157?
50
Calculate the remainder when 7898 is divided by 184.
170
Calculate the remainder when 962678 is divided by 107.
106
Calculate the remainder when 5515 is divided by 291.
277
What is the remainder when 24195 is divided by 632?
179
What is the remainder when 81009 is divided by 157?
154
What is the remainder when 23035 is divided by 2094?
1
What is the remainder when 396208 is divided by 141?
139
Calculate the remainder when 753063 is divided by 338.
337
What is the remainder when 25310 is divided by 816?
14
Calculate the remainder when 742 is divided by 77.
49
Calculate the remainder when 550171 is divided by 277.
49
What is the remainder when 159891 is divided by 159?
96
What is the remainder when 986011 is divided by 567?
565
What is the remainder when 14751 is divided by 31?
26
Calculate the remainder when 17246 is divided by 1149.
11
Calculate the remainder when 40885 is divided by 191.
11
Calculate the remainder when 18375 is divided by 6118.
21
What is the remainder when 135436 is divided by 915?
16
What is the remainder when 93837 is divided by 20?
17
What is the remainder when 267903 is divided by 10?
3
What is the remainder when 5925 is divided by 397?
367
What is the remainder when 2017 is divided by 272?
113
Calculate the remainder when 11129 is divided by 155.
124
Calculate the remainder when 9876 is divided by 14.
6
Calculate the remainder when 4418204 is divided by 736.
732
Calculate the remainder when 21000 is divided by 239.
207
What is the remainder when 30470 is divided by 15177?
116
What is the remainder when 21800 is divided by 4358?
10
Calculate the remainder when 3722 is divided by 729.
77
Calculate the remainder when 14142 is divided by 3530.
22
Calculate the remainder when 20120 is divided by 33.
23
What is the remainder when 5401 is divided by 24?
1
Calculate the remainder when 17021 is divided by 76.
73
Calculate the remainder when 3058 is divided by 118.
108
What is the remai